{"id":1142,"date":"2024-08-30T05:41:23","date_gmt":"2024-08-30T05:41:23","guid":{"rendered":"https:\/\/stv.ee\/ariklient\/?page_id=1142"},"modified":"2025-07-01T09:24:11","modified_gmt":"2025-07-01T07:24:11","slug":"valvex","status":"publish","type":"page","link":"https:\/\/stv.ee\/ariklient\/turvateenused\/valvex\/","title":{"rendered":"VALVEX"},"content":{"rendered":"\n<h3 class=\"wp-block-heading\" id=\"h-pakett-valvex\">Pakett VALVEX:<\/h3>\n\n\n\n<p>H\u00e4ire korral v\u00f5tame Teiega kohe \u00fchendust ja teade juhtunu kohta saadetakse ka Teie nutitelefoni rakendusse.&nbsp;<br>Vajaduse korral ja Teie soovil saadetakse kohale patrull (tasuline teenus).<br><\/p>\n\n\n\n<p>Rohkem infot ja soovitusi,&nbsp;valida seadmeid&nbsp;ja esitada tellimuse saate&nbsp;<strong>tel. 688 0808<\/strong>&nbsp;v\u00f5i e-maili&nbsp;<a href=\"http:\/\/kontakt@stv.ee\/\" target=\"_blank\" rel=\"noreferrer noopener\"><strong>ariklient<\/strong><\/a><strong><a href=\"http:\/\/kontakt@stv.ee\/\" target=\"_blank\" rel=\"noreferrer noopener\">@stv.ee<\/a><\/strong>&nbsp;teel.<\/p>\n\n\n\n<p><em>NB! Teenusega saab liituda Harjumaal ja Ida &#8211; Virumaal.<\/em><\/p>\n","protected":false},"excerpt":{"rendered":"<p>Pakett VALVEX: H\u00e4ire korral v\u00f5tame Teiega kohe \u00fchendust ja teade juhtunu kohta saadetakse ka Teie nutitelefoni rakendusse.&nbsp;Vajaduse korral ja Teie soovil saadetakse kohale patrull (tasuline teenus). Rohkem infot ja soovitusi,&nbsp;valida seadmeid&nbsp;ja esitada tellimuse saate&nbsp;tel. 688 0808&nbsp;v\u00f5i e-maili&nbsp;ariklient@stv.ee&nbsp;teel. NB! Teenusega saab liituda Harjumaal ja Ida &#8211; Virumaal.<\/p>\n","protected":false},"author":6,"featured_media":0,"parent":515,"menu_order":0,"comment_status":"closed","ping_status":"closed","template":"","meta":{"_acf_changed":false,"_mi_skip_tracking":false,"_monsterinsights_sitenote_active":false,"_monsterinsights_sitenote_note":"","_monsterinsights_sitenote_category":0,"footnotes":""},"class_list":["post-1142","page","type-page","status-publish","hentry"],"acf":[],"yoast_head":"<!-- This site is optimized with the Yoast SEO Premium plugin v26.8 (Yoast SEO v27.5) - https:\/\/yoast.com\/product\/yoast-seo-premium-wordpress\/ -->\n<title>VALVEX - \u00c4riklient<\/title>\n<meta name=\"robots\" content=\"index, follow, max-snippet:-1, max-image-preview:large, max-video-preview:-1\" \/>\n<link rel=\"canonical\" href=\"https:\/\/stv.ee\/ariklient\/turvateenused\/valvex\/\" \/>\n<meta property=\"og:locale\" content=\"et_EE\" \/>\n<meta property=\"og:type\" content=\"article\" \/>\n<meta property=\"og:title\" content=\"VALVEX - \u00c4riklient\" \/>\n<meta property=\"og:description\" content=\"Pakett VALVEX: H\u00e4ire korral v\u00f5tame Teiega kohe \u00fchendust ja teade juhtunu kohta saadetakse ka Teie nutitelefoni rakendusse.&nbsp;Vajaduse korral ja Teie soovil saadetakse kohale patrull (tasuline teenus). Rohkem infot ja soovitusi,&nbsp;valida seadmeid&nbsp;ja esitada tellimuse saate&nbsp;tel. 688 0808&nbsp;v\u00f5i e-maili&nbsp;ariklient@stv.ee&nbsp;teel. NB! Teenusega saab liituda Harjumaal ja Ida &#8211; Virumaal.\" \/>\n<meta property=\"og:url\" content=\"https:\/\/stv.ee\/ariklient\/turvateenused\/valvex\/\" \/>\n<meta property=\"og:site_name\" content=\"\u00c4riklient\" \/>\n<meta property=\"article:modified_time\" content=\"2025-07-01T07:24:11+00:00\" \/>\n<meta name=\"twitter:card\" content=\"summary_large_image\" \/>\n<meta name=\"twitter:label1\" content=\"Est. reading time\" \/>\n\t<meta name=\"twitter:data1\" content=\"1 minut\" \/>\n<script type=\"application\/ld+json\" class=\"yoast-schema-graph\">{\"@context\":\"https:\\\/\\\/schema.org\",\"@graph\":[{\"@type\":\"WebPage\",\"@id\":\"https:\\\/\\\/stv.ee\\\/ariklient\\\/turvateenused\\\/valvex\\\/\",\"url\":\"https:\\\/\\\/stv.ee\\\/ariklient\\\/turvateenused\\\/valvex\\\/\",\"name\":\"VALVEX - \u00c4riklient\",\"isPartOf\":{\"@id\":\"https:\\\/\\\/stv.ee\\\/ariklient\\\/#website\"},\"datePublished\":\"2024-08-30T05:41:23+00:00\",\"dateModified\":\"2025-07-01T07:24:11+00:00\",\"breadcrumb\":{\"@id\":\"https:\\\/\\\/stv.ee\\\/ariklient\\\/turvateenused\\\/valvex\\\/#breadcrumb\"},\"inLanguage\":\"et\",\"potentialAction\":[{\"@type\":\"ReadAction\",\"target\":[\"https:\\\/\\\/stv.ee\\\/ariklient\\\/turvateenused\\\/valvex\\\/\"]}]},{\"@type\":\"BreadcrumbList\",\"@id\":\"https:\\\/\\\/stv.ee\\\/ariklient\\\/turvateenused\\\/valvex\\\/#breadcrumb\",\"itemListElement\":[{\"@type\":\"ListItem\",\"position\":1,\"name\":\"\u00c4riklienditeenused &#8211; turvateenused\",\"item\":\"https:\\\/\\\/stv.ee\\\/ariklient\\\/turvateenused\\\/\"},{\"@type\":\"ListItem\",\"position\":2,\"name\":\"VALVEX\"}]},{\"@type\":\"WebSite\",\"@id\":\"https:\\\/\\\/stv.ee\\\/ariklient\\\/#website\",\"url\":\"https:\\\/\\\/stv.ee\\\/ariklient\\\/\",\"name\":\"\u00c4riklient\",\"description\":\"\",\"potentialAction\":[{\"@type\":\"SearchAction\",\"target\":{\"@type\":\"EntryPoint\",\"urlTemplate\":\"https:\\\/\\\/stv.ee\\\/ariklient\\\/?s={search_term_string}\"},\"query-input\":{\"@type\":\"PropertyValueSpecification\",\"valueRequired\":true,\"valueName\":\"search_term_string\"}}],\"inLanguage\":\"et\"}]}<\/script>\n<!-- \/ Yoast SEO Premium plugin. -->","yoast_head_json":{"title":"VALVEX - \u00c4riklient","robots":{"index":"index","follow":"follow","max-snippet":"max-snippet:-1","max-image-preview":"max-image-preview:large","max-video-preview":"max-video-preview:-1"},"canonical":"https:\/\/stv.ee\/ariklient\/turvateenused\/valvex\/","og_locale":"et_EE","og_type":"article","og_title":"VALVEX - \u00c4riklient","og_description":"Pakett VALVEX: H\u00e4ire korral v\u00f5tame Teiega kohe \u00fchendust ja teade juhtunu kohta saadetakse ka Teie nutitelefoni rakendusse.&nbsp;Vajaduse korral ja Teie soovil saadetakse kohale patrull (tasuline teenus). Rohkem infot ja soovitusi,&nbsp;valida seadmeid&nbsp;ja esitada tellimuse saate&nbsp;tel. 688 0808&nbsp;v\u00f5i e-maili&nbsp;ariklient@stv.ee&nbsp;teel. NB! Teenusega saab liituda Harjumaal ja Ida &#8211; Virumaal.","og_url":"https:\/\/stv.ee\/ariklient\/turvateenused\/valvex\/","og_site_name":"\u00c4riklient","article_modified_time":"2025-07-01T07:24:11+00:00","twitter_card":"summary_large_image","twitter_misc":{"Est. reading time":"1 minut"},"schema":{"@context":"https:\/\/schema.org","@graph":[{"@type":"WebPage","@id":"https:\/\/stv.ee\/ariklient\/turvateenused\/valvex\/","url":"https:\/\/stv.ee\/ariklient\/turvateenused\/valvex\/","name":"VALVEX - \u00c4riklient","isPartOf":{"@id":"https:\/\/stv.ee\/ariklient\/#website"},"datePublished":"2024-08-30T05:41:23+00:00","dateModified":"2025-07-01T07:24:11+00:00","breadcrumb":{"@id":"https:\/\/stv.ee\/ariklient\/turvateenused\/valvex\/#breadcrumb"},"inLanguage":"et","potentialAction":[{"@type":"ReadAction","target":["https:\/\/stv.ee\/ariklient\/turvateenused\/valvex\/"]}]},{"@type":"BreadcrumbList","@id":"https:\/\/stv.ee\/ariklient\/turvateenused\/valvex\/#breadcrumb","itemListElement":[{"@type":"ListItem","position":1,"name":"\u00c4riklienditeenused &#8211; turvateenused","item":"https:\/\/stv.ee\/ariklient\/turvateenused\/"},{"@type":"ListItem","position":2,"name":"VALVEX"}]},{"@type":"WebSite","@id":"https:\/\/stv.ee\/ariklient\/#website","url":"https:\/\/stv.ee\/ariklient\/","name":"\u00c4riklient","description":"","potentialAction":[{"@type":"SearchAction","target":{"@type":"EntryPoint","urlTemplate":"https:\/\/stv.ee\/ariklient\/?s={search_term_string}"},"query-input":{"@type":"PropertyValueSpecification","valueRequired":true,"valueName":"search_term_string"}}],"inLanguage":"et"}]}},"_links":{"self":[{"href":"https:\/\/stv.ee\/ariklient\/wp-json\/wp\/v2\/pages\/1142","targetHints":{"allow":["GET"]}}],"collection":[{"href":"https:\/\/stv.ee\/ariklient\/wp-json\/wp\/v2\/pages"}],"about":[{"href":"https:\/\/stv.ee\/ariklient\/wp-json\/wp\/v2\/types\/page"}],"author":[{"embeddable":true,"href":"https:\/\/stv.ee\/ariklient\/wp-json\/wp\/v2\/users\/6"}],"replies":[{"embeddable":true,"href":"https:\/\/stv.ee\/ariklient\/wp-json\/wp\/v2\/comments?post=1142"}],"version-history":[{"count":9,"href":"https:\/\/stv.ee\/ariklient\/wp-json\/wp\/v2\/pages\/1142\/revisions"}],"predecessor-version":[{"id":1879,"href":"https:\/\/stv.ee\/ariklient\/wp-json\/wp\/v2\/pages\/1142\/revisions\/1879"}],"up":[{"embeddable":true,"href":"https:\/\/stv.ee\/ariklient\/wp-json\/wp\/v2\/pages\/515"}],"wp:attachment":[{"href":"https:\/\/stv.ee\/ariklient\/wp-json\/wp\/v2\/media?parent=1142"}],"curies":[{"name":"wp","href":"https:\/\/api.w.org\/{rel}","templated":true}]}}