{"id":1698,"date":"2026-01-20T10:07:43","date_gmt":"2026-01-20T08:07:43","guid":{"rendered":"https:\/\/stv.ee\/ariklient\/?page_id=1698"},"modified":"2026-02-18T09:13:25","modified_gmt":"2026-02-18T07:13:25","slug":"hinnakiri-2","status":"publish","type":"page","link":"https:\/\/stv.ee\/ariklient\/hinnakiri-2\/","title":{"rendered":"Hinnakiri"},"content":{"rendered":"\n<p>Kehtib al. 04.02.2026<\/p>\n\n\n\n<h3 class=\"wp-block-heading\" id=\"h-internet\"><strong>INTERNET<\/strong><\/h3>\n\n\n\n<figure class=\"wp-block-table smaller-table\"><table class=\"has-fixed-layout\"><tbody><tr><td><strong>Nimetus<\/strong><\/td><td><strong>Hind ilma KM-ta<\/strong><\/td><td><strong>Hind koos KM-ga<\/strong><\/td><\/tr><tr><td><strong>PAKETID&nbsp;<\/strong><\/td><td><\/td><td><\/td><\/tr><tr><td>Kiirus 20\/20 Mbit\/s&nbsp;(DOCSIS 20\/2 Mbit\/s)<\/td><td>13.93 eurot\/kuus<\/td><td>17.27 eurot\/kuus<\/td><\/tr><tr><td>Kiirus&nbsp;50\/50 Mbit\/s&nbsp;(DOCSIS 50\/4 Mbit\/s)<\/td><td>17.21 eurot\/kuus<\/td><td>21.34 eurot\/kuus<\/td><\/tr><tr><td>Kiirus&nbsp;100\/100 Mbit\/s&nbsp;(DOCSIS 100\/10 Mbit\/s)<\/td><td>20.49 eurot\/kuus<\/td><td>25.41 eurot\/kuus<\/td><\/tr><tr><td>Kiirus&nbsp;250\/250 Mbit\/s<\/td><td>23.77 eurot\/kuus<\/td><td>29.47 eurot\/kuus<\/td><\/tr><tr><td>Kiirus&nbsp;500\/500 Mbit\/s<\/td><td>27.87 eurot\/kuus<\/td><td>34.56 eurot\/kuus<\/td><\/tr><tr><td>Kiirus&nbsp;1\/1 Gbit\/s*<\/td><td>36.89 eurot\/kuus<\/td><td>45.74&nbsp;eurot\/kuus<\/td><\/tr><tr><td><em>* Tehnilise v\u00f5imaluse olemasolul.&nbsp;<\/em><\/td><td><\/td><td><\/td><\/tr><tr><td><strong>TEENUSTASEMED (SLA)<\/strong><\/td><td><\/td><td><\/td><\/tr><tr><td>Teenustase SLA1<\/td><td>19 eurot\/kuus<\/td><td>23.56 eurot\/kuus<\/td><\/tr><tr><td>Teenustase SLA2<\/td><td>45 eurot\/kuus<\/td><td>55.80 eurot\/kuus<\/td><\/tr><tr><td>Teenustase SLA3<\/td><td>60 eurot\/kuus<\/td><td>74.40 eurot\/kuus<\/td><\/tr><\/tbody><\/table><\/figure>\n\n\n\n<h2 class=\"wp-block-heading\" id=\"h-\"><\/h2>\n\n\n\n<h3 class=\"wp-block-heading\" id=\"h-lisateenused\"><strong>LISATEENUSED<\/strong><\/h3>\n\n\n\n<figure class=\"wp-block-table smaller-table\"><table class=\"has-fixed-layout\"><tbody><tr><td><strong>Nimetus<\/strong><\/td><td><strong>Hind ilma KM-ta<\/strong><\/td><td><strong>Hind koos KM-ga<\/strong><\/td><\/tr><tr><td>Staatiline IP-aadress<\/td><td>8.06 eurot\/kuus<\/td><td>10 eurot\/kuus<\/td><\/tr><\/tbody><\/table><\/figure>\n\n\n\n<h3 class=\"wp-block-heading\" id=\"h-televisioon\"><br><strong>TELEVISIOON<\/strong><\/h3>\n\n\n\n<figure class=\"wp-block-table smaller-table\"><table class=\"has-fixed-layout\"><tbody><tr><td><strong>Nimetus<\/strong><\/td><td><strong>Hind ilma KM-ta<\/strong><\/td><td><strong>Hind koos KM-ga<\/strong><\/td><\/tr><tr><td>Kontori p\u00f5hipakett<\/td><td>8 eurot\/kuus<\/td><td>9.92 eurot\/kuus<\/td><\/tr><tr><td>Teeninduskoha p\u00f5hipakett<\/td><td>10 eurot\/kuus<\/td><td>12.40 eurot\/kuus<\/td><\/tr><tr><td>Majutuskoha p\u00f5hipakett<\/td><td>7 eurot\/kuus<\/td><td>8.68 eurot\/kuus<\/td><\/tr><tr><td>Digi-TV smart-kaardi hind kaotamisel\/ mittetagastamisel<\/td><td>10.48 eurot\/tk.<\/td><td>13 eurot\/tk.<\/td><\/tr><tr><td><strong>T\u00e4iendavad televisioonipaketid<\/strong><\/td><td><\/td><td><\/td><\/tr><tr><td>\u00c4ri GO3 spordikanalid*<\/td><td>20 eurot\/kuus<\/td><td>24.80 eurot\/kuus<\/td><\/tr><tr><td>\u00c4ri GO3 spordikanalid**<\/td><td>30 eurot\/kuus<\/td><td>37.20 eurot\/kuus<\/td><\/tr><tr><td>\u00c4ri GO3 filmikanalid*<\/td><td>20 eurot\/kuus<\/td><td>24.80 eurot\/kuus<\/td><\/tr><tr><td>\u00c4ri GO3 filmi- ja spordikanalid*<\/td><td>30 eurot\/kuus<\/td><td>37.20 eurot\/kuus<\/td><\/tr><tr><td>* on saadaval&nbsp;Kontori v\u00f5i Majutuskoha&nbsp;p\u00f5hipaketi liitumisel&nbsp;<\/td><td><\/td><td><\/td><\/tr><tr><td>**on saadaval&nbsp;Teeninduskoha p\u00f5hipaketi liitumisel<\/td><td><\/td><td><\/td><\/tr><tr><td><strong>&#8211; A La Carte telekanalid<\/strong><\/td><td><\/td><td><\/td><\/tr><tr><td>ENTUSIAST TV (1,2), LIFE TV, TAEVAS TV 7 (1), TBN RUSSIA (1), FREE\u0414\u041e\u041c, NASTOJASEE VREMJA&nbsp; \/ vaatamiskoht<\/td><td>0 eurot\/kuus<\/td><td>0 eurot\/kuus<\/td><\/tr><tr><td>NASE LJUBIMOE KINO (1,2), 4Y (1,3), ZDOROVOJE TV (1,2), RFM TV (1,3), SILK WAY, DOMASHNII, RTG TV (RUSSIAN TRAVEL GUIDE), KTO EST KTO (1,2) \/ vaatamiskoht&nbsp;<\/td><td>0.10 eurot\/kuus<\/td><td>0.12 eurot\/kuus<\/td><\/tr><tr><td>MYZEN TV (1,2), FIGHT SPORTS (HD), RFM TV (2) \/ vaatamiskoht<\/td><td>0.30 eurot\/kuus<\/td><td>0.37 eurot\/kuus<\/td><\/tr><tr><td>RTL, RTL 2, SUPER RTL, EURONEWS RUSSIAN, FOOD NETWORK HD, FRIDAY INTERNATIONAL (2), DETSKII MIR, MEZZO, MCM TOP (HD), CLASSIC MUSIC (HD),&nbsp;MOVIFY KINO (HD), MOVIFY SERIAL (HD), MOVIFY ISTORIJA&nbsp;(HD),&nbsp;STINGRAY CMUSIC,&nbsp;SAT.1,&nbsp;ARTE, FRANCE 2,&nbsp;FRANCE 3, FRANCE 4, YLE TV1, YLE TV2,&nbsp;YLE TEEMA, 3 SAT,&nbsp;ARD DAS ERSTE, PRO 7, RAI 1, TVE INTERNACIONAL EUROPA, VOX, ZDF, WELT,&nbsp;KI.KA, KANAL 2 (HD)&nbsp;(3),&nbsp;DUO 3 (HD)&nbsp;(3), DUO 4 (HD)&nbsp;(3),&nbsp;DUO 5 (HD) (3), DUO 6 (HD)&nbsp;(3), KANAL 7&nbsp;(3), KINO 7&nbsp;(3), EESTI KANAL&nbsp;(3),&nbsp;MYHITS TV&nbsp;(3), SMARTZONE&nbsp;(3),&nbsp;EPIC DRAMA (3), FILMZONE&nbsp;(3),&nbsp;FILMZONE PLUSS&nbsp;(3), KIDZONE MINI&nbsp;(3),&nbsp;KIDZONE MAX&nbsp;(3), VIASAT EXPLORE (3), VIASAT HISTORY (3), VIASAT NATURE&nbsp;(3),&nbsp;VIASAT KINO COMEDY&nbsp;(3) \/&nbsp;vaatamiskoht<\/td><td>0.40 eurot\/kuus<\/td><td>0.50 eurot\/kuus<\/td><\/tr><tr><td>FASHION TV, FASHION&amp;STYLE (HD) \/&nbsp;vaatamiskoht<\/td><td>0.45 eurot\/kuus<\/td><td>0.56 eurot\/kuus<\/td><\/tr><tr><td>INTER+, RTVI,\u0422N\u0422 BALTI\u0421 (HD) (1), HISTORY, FX (HD) (1,3), 4Y (2), FX LIFE (HD) (1,3), NATIONAL GEOGRAPHIC (1,3), TRAVEL CHANNEL, PINGVINIUKAS, DRAIV, EXTREME SPORTS, SPORT 1 BALTIC, JU, HISTORY2 (HD), QSPORT (HD), TV RAIN (3),&nbsp;FRIDAY INTERNATIONAL,&nbsp;NAT GEO WILD (1,3),  MUSIC BOX HITS, MUSIC BOX DANCE, MUSIC BOX SEXY, MUSIC BOX CLASSIC&nbsp;\/ vaatamiskoht<\/td><td>0.50 eurot\/kuus<\/td><td>0.62 eurot\/kuus<\/td><\/tr><tr><td>KANAL 2 (HD)&nbsp;(1,2),&nbsp;DUO 3 (HD) (1,2),&nbsp;DUO 4 (HD)&nbsp;(1,2),&nbsp;DUO 5 (HD)&nbsp;(1,2),&nbsp;DUO 6 (HD)&nbsp;(1,2),&nbsp;KANAL 7&nbsp;(1,2),&nbsp;KINO 7&nbsp;(1,2),&nbsp;EESTI KANAL&nbsp;(1,2),&nbsp;MYHITS TV&nbsp;(1,2),&nbsp;SMARTZONE&nbsp;(1,2),&nbsp;EPIC DRAMA (1,2),&nbsp;FILMZONE&nbsp;(1,2),&nbsp;FILMZONE PLUSS&nbsp;(1,2),&nbsp;&nbsp;KIDZONE MINI&nbsp;(1,2),&nbsp;KIDZONE MAX&nbsp;(1,2),&nbsp;VIASAT EXPLORE&nbsp;(1,2),&nbsp;VIASAT HISTORY&nbsp;(1,2),&nbsp;VIASAT NATURE&nbsp;(1,2),&nbsp;VIASAT KINO COMEDY&nbsp;(1,2)&nbsp;&nbsp;\/ vaatamiskoht<\/td><td>0.75 eurot\/kuus<\/td><td>0.93 eurot\/kuus<\/td><\/tr><tr><td>FUTBOL (1,2) \/ vaatamiskoht<\/td><td>0.90 eurot\/kuus<\/td><td>1.12 eurot\/kuus<\/td><\/tr><tr><td>CARTOON NETWORK (2), TV RAIN (1,2), NICK JR. (1,3), NICKELODEON (1,3), NICKTOONS (1,3) \/ vaatamiskoht<\/td><td>1 eurot\/kuus<\/td><td>1.24 eurot\/kuus<\/td><\/tr><tr><td>ANIMAL PLANET (1,3), DISCOVERY CHANNEL (HD) (1,3), EUROSPORT 1 (HD) (1,3), EUROSPORT 2 (HD) (1,3), HGTV \/&nbsp;vaatamiskoht<\/td><td>1.10 eurot\/kuus<\/td><td>1.36 eurot\/kuus<\/td><\/tr><tr><td>CNN INTERNATIONAL, BBC NEWS, SETANTA SPORTS 1 (1,3),&nbsp;SETANTA SPORTS 2 (1,3),&nbsp;DISNEY CHANNEL&nbsp;(1,3), DISNEY JUNIOR&nbsp;(1,3)&nbsp;\/&nbsp;vaatamiskoht<\/td><td>1.50 eurot\/kuus<\/td><td>1.86 eurot\/kuus<\/td><\/tr><tr><td>ANIMAL PLANET(2), DISCOVERY CHANNEL (HD) (2), CARTOON NETWORK (1,3)&nbsp;\/&nbsp;vaatamiskoht<\/td><td>2 eurot\/kuus<\/td><td>2.48 eurot\/kuus<\/td><\/tr><tr><td>EUROSPORT 1 (HD) (2), EUROSPORT 2 (HD) (2)&nbsp;\/&nbsp;vaatamiskoht<\/td><td>3 eurot\/kuus<\/td><td>3.72 eurot\/kuus<\/td><\/tr><tr><td>NICK JR. (2), NICKELODEON (2), NICKTOONS (2) \/ vaatamiskoht<\/td><td>3.50 eurot\/kuus<\/td><td>4.34 eurot\/kuus<\/td><\/tr><tr><td>BRAZZERS TV EUROPE (3), DUSK! (3)&nbsp;\/&nbsp;vaatamiskoht<\/td><td>4 eurot\/kuus<\/td><td>4.96 eurot\/kuus<\/td><\/tr><tr><td>SETANTA SPORTS 1 (2),&nbsp;SETANTA SPORTS 2 (2)&nbsp;\/&nbsp;vaatamiskoht<\/td><td>6 eurot\/kuus<\/td><td>7.44 eurot\/kuus<\/td><\/tr><tr><td>(1) &#8211; on saadaval paketiga Kontori p\u00f5hipakett<\/td><td><\/td><td><\/td><\/tr><tr><td>(2) &#8211;&nbsp;on saadaval paketiga Teeninduskoha p\u00f5hipakett<\/td><td><\/td><td><\/td><\/tr><tr><td>(3) &#8211;&nbsp;on saadaval paketiga Majutuskoha p\u00f5hipakett<\/td><td><\/td><td><\/td><\/tr><\/tbody><\/table><\/figure>\n\n\n\n<h2 class=\"wp-block-heading\" id=\"h-\"><\/h2>\n\n\n\n<h3 class=\"wp-block-heading\" id=\"h-telefon\"><strong>TELEFON<\/strong><\/h3>\n\n\n\n<figure class=\"wp-block-table smaller-table\"><table class=\"has-fixed-layout\"><tbody><tr><td><strong>Nimetus<\/strong><\/td><td><strong>Hind ilma KM-ta<\/strong><\/td><td><strong>Hind koos KM-ga<\/strong><\/td><\/tr><tr><td>Telefoninumbri vahetamine<\/td><td>4.03 eurot\/kord<\/td><td>5 eurot\/kord<\/td><\/tr><tr><td>Telefoni numbri s\u00e4ilitamine mitte aktiivse lepingu puhul<\/td><td>0.81 eurot\/kuus<\/td><td>1 eurot\/kuus<\/td><\/tr><tr><td>Telefoniteenuste lisavalik  Service +<\/td><td>0 eurot\/kuus<\/td><td>0 eurot\/kuus<\/td><\/tr><tr><td>Alus\u00fchenduse tasu<\/td><td>4.03 eurot\/kuus<\/td><td>5 eurot\/kuus<\/td><\/tr><\/tbody><\/table><\/figure>\n\n\n\n<h2 class=\"wp-block-heading\" id=\"h-\"><\/h2>\n\n\n\n<h3 class=\"wp-block-heading\" id=\"h-seadmed\"><strong>SEADMED<\/strong><\/h3>\n\n\n\n<h3 class=\"wp-block-heading\" id=\"h-\"><\/h3>\n\n\n\n<h3 class=\"wp-block-heading\" id=\"h-tv-seadmete-rent\"><strong>TV SEADMETE RENT<\/strong><\/h3>\n\n\n\n<figure class=\"wp-block-table smaller-table\"><table class=\"has-fixed-layout\"><tbody><tr><td><strong>Nimetus<\/strong><\/td><td><strong>Hind ilma KM-ta<\/strong><\/td><td><strong>Hind&nbsp;<\/strong><strong>koos KM-ga<\/strong><\/td><\/tr><tr><td>&#8211; Digiseadme rent (HD-digiboks, CI CAM-moodul)<\/td><td>2.46 eurot\/kuus<\/td><td>3.05 eurot\/kuus<\/td><\/tr><tr><td><em>NB! Renditud seadmete tagastamisel seade peab olema komplektne, vastasel juhul klient on kohustatud tasuma seadmete komplekti v\u00f5i puuduvate osade maksumuse.<\/em><\/td><td><\/td><td><\/td><\/tr><\/tbody><\/table><\/figure>\n\n\n\n<h2 class=\"wp-block-heading\" id=\"h-\"><\/h2>\n\n\n\n<h3 class=\"wp-block-heading\" id=\"h-tv-seadmete-muuk\"><strong>TV SEADMETE M\u00dc\u00dcK<\/strong><\/h3>\n\n\n\n<figure class=\"wp-block-table smaller-table\"><table class=\"has-fixed-layout\"><tbody><tr><td><strong>Nimetus<\/strong><\/td><td><strong>Hind ilma KM-ta<\/strong><\/td><td><strong>Hind&nbsp;<\/strong><strong>koos KM-ga<\/strong><\/td><\/tr><tr><td>Teler 43&#8221; Xiaomi TV A Pro 2026 ELA5956EU<\/td><td>229.84 eurot\/tk.<\/td><td>285 eurot\/tk.<\/td><\/tr><tr><td>Teler 55&#8221; Xiaomi TV A Pro 2026 ELA5974EU<\/td><td>310.48 eurot\/tk.<\/td><td>385 eurot\/tk.<\/td><\/tr><tr><td>Teler 65&#8221; Xiaomi TV A Pro 2026 ELA5990EU<\/td><td>439.52 eurot\/tk.<\/td><td>545 eurot\/tk.<\/td><\/tr><tr><td>iTV-digiboks<\/td><td>100 eurot\/kmpl.<\/td><td>124 eurot\/kmpl.<\/td><\/tr><tr><td>HD-digiboks (uus, v\u00f5i alla 12-kuulist kasutamist)<\/td><td>40.32 eurot\/kmpl.<\/td><td>50 eurot\/kmpl.<\/td><\/tr><tr><td>CI CAM-moodul (uus, v\u00f5i alla 12-kuulist kasutamist)<\/td><td>32.26 eurot\/tk.<\/td><td>40 eurot\/tk.<\/td><\/tr><tr><td>Kaugjuhtimispult HD-digiboksi\/ iTV-digiboksi jaoks<\/td><td>12.10 eurot\/tk.<\/td><td>15 eurot\/tk.<\/td><\/tr><tr><td>Infrapuna&nbsp;pikenduskaabel,&nbsp;mini-jack 3.5 mm<\/td><td>1.61 eurot\/tk.<\/td><td>2 eurot\/tk.<\/td><\/tr><\/tbody><\/table><\/figure>\n\n\n\n<h2 class=\"wp-block-heading\" id=\"h-\"><\/h2>\n\n\n\n<h3 class=\"wp-block-heading\" id=\"h-\"><\/h3>\n\n\n\n<h3 class=\"wp-block-heading\" id=\"h-interneti-seadmete-rent\"><strong>INTERNETI SEADMETE RENT<\/strong><\/h3>\n\n\n\n<figure class=\"wp-block-table smaller-table\"><table class=\"has-fixed-layout\"><tbody><tr><td><strong>Nimetus<\/strong><\/td><td><strong>Hind ilma KM-ta<\/strong><\/td><td><strong>Hind koos KM-ga<\/strong><\/td><\/tr><tr><td>Modemi rent (standard DOCSIS 2.0 ja 3.0)*<\/td><td>2.46 eurot\/kuus<\/td><td>3.05 eurot\/kuus<\/td><\/tr><tr><td>Ruuter 1 Gbit\/s, Wi-Fi 5 &#8211; 300 Mbit\/s (hind sisaldab kaugtoeteenust STV poolt)<\/td><td>3.28 eurot\/kuus<\/td><td>4.07 eurot\/kuus<\/td><\/tr><tr><td>Ruuter 1 Gbit\/s, Wi-Fi 6 &#8211; 1 Gbit\/s (hind sisaldab kaugtoeteenust STV poolt)<\/td><td>4.10 eurot\/kuus<\/td><td>5.08 eurot\/kuus<\/td><\/tr><tr><td><em>NB! Renditud seadmete tagastamisel seade peab olema komplektne, vastasel juhul klient on kohustatud tasuma seadmete komplekti v\u00f5i puuduvate osade maksumuse.<\/em><\/td><td><\/td><td><\/td><\/tr><tr><td>*&nbsp;<em>Kehtib, kui internetiteenus pole aktiivne<\/em><\/td><td><\/td><td><\/td><\/tr><\/tbody><\/table><\/figure>\n\n\n\n<h2 class=\"wp-block-heading\" id=\"h-\"><\/h2>\n\n\n\n<h3 class=\"wp-block-heading\" id=\"h-interneti-seadmete-muuk\"><strong>INTERNETI SEADMETE M\u00dc\u00dcK<\/strong><\/h3>\n\n\n\n<figure class=\"wp-block-table smaller-table\"><table class=\"has-fixed-layout\"><tbody><tr><td><strong>Nimetus<\/strong><\/td><td><strong>Hind ilma KM-ta<\/strong><\/td><td><strong>Hind koos KM-ga<\/strong><\/td><\/tr><tr><td>Modem (standard DOCSIS 2.0) (uus, v\u00f5i alla 12-kuulist kasutamist)<\/td><td>31.45 eurot\/tk.<\/td><td>39 eurot\/tk.<\/td><\/tr><tr><td>Modem (standard DOCSIS 3.0) (uus, v\u00f5i alla 12-kuulist kasutamist)<\/td><td>56.45 eurot\/tk.<\/td><td>70 eurot\/tk.<\/td><\/tr><tr><td>Ruuter 1 Gbit\/s, Wi-Fi 6 &#8211; 1 Gbit\/s<\/td><td>53.23 eurot\/tk.<\/td><td>66 eurot\/tk.<\/td><\/tr><tr><td>Wi-Fi 6 1 Gbit\/s signaaliv\u00f5imendi<\/td><td>48.39 eurot\/tk.<\/td><td>60 eurot\/tk.<\/td><\/tr><tr><td>Optiline terminal<\/td><td>56.45 eurot\/tk.<\/td><td>70 eurot\/tk.<\/td><\/tr><tr><td><strong>Seadmete maksumus (rakendatakse seadme mittetagastamise v\u00f5i rikkumise korral)<\/strong><\/td><td><\/td><td><\/td><\/tr><tr><td>Ruuter 1 Gbit\/s, Wi-Fi 5 &#8211; 300 Mbit\/s, pakutud kaugtoeteenusega STV poolt (uus, v\u00f5i alla 12-kuulist kasutamist)<\/td><td>72.58 eurot\/tk.<\/td><td>90 eurot\/tk.<\/td><\/tr><tr><td>Ruuter 1 Gbit\/s, Wi-Fi 6 &#8211; 1 Gbit\/s, pakutud kaugtoeteenusega STV poolt (uus, v\u00f5i alla 12-kuulist kasutamist)&nbsp;<\/td><td>96.77 eurot\/tk. <\/td><td>120 eurot\/tk.<\/td><\/tr><tr><td>MoCa2.5 Ethernet adapter (uus v\u00f5i alla 12-kuulist kasutamist)<\/td><td>130.65 eurot\/tk.<\/td><td>162 eurot\/tk.<\/td><\/tr><\/tbody><\/table><\/figure>\n\n\n\n<h2 class=\"wp-block-heading\" id=\"h-\"><\/h2>\n\n\n\n<h3 class=\"wp-block-heading\" id=\"h-telefoni-seadmete-muuk\"><strong><strong>TELEFONI SEADMETE M\u00dc\u00dcK<\/strong><\/strong><\/h3>\n\n\n\n<figure class=\"wp-block-table smaller-table\"><table class=\"has-fixed-layout\"><tbody><tr><td><strong>Nimetus<\/strong><\/td><td><strong>Hind ilma KM-ta<\/strong><\/td><td><strong>Hind koos KM-ga<\/strong><\/td><\/tr><tr><td>SIP telefoniseade&nbsp;Yealink SIP-T30<\/td><td>41.13 eurot\/tk.<\/td><td>51 eurot\/tk.<\/td><\/tr><tr><td>SIP telefoniadapter Grandstream HT802 v2.<\/td><td>57.26 eurot\/tk.<\/td><td>71 eurot\/tk.<\/td><\/tr><\/tbody><\/table><\/figure>\n\n\n\n<div style=\"height:60px\" aria-hidden=\"true\" class=\"wp-block-spacer\"><\/div>\n\n\n\n<h3 class=\"wp-block-heading\" id=\"h-muud-teenustasud-ja-materjalid\"><strong>MUUD TEENUSTASUD JA MATERJALID<\/strong><\/h3>\n\n\n\n<figure class=\"wp-block-table smaller-table\"><table class=\"has-fixed-layout\"><tbody><tr><td><strong>Nimetus<\/strong><\/td><td><strong>Hind ilma KM-ta<\/strong><\/td><td><strong>Hind<\/strong><\/td><\/tr><tr><td>Liitumistasu STV v\u00f5rguga<\/td><td>kokkuleppel<\/td><td>kokkuleppel<\/td><\/tr><tr><td>Arve e-postile <\/td><td>0 eurot\/kord<\/td><td>0 eurot\/kord<\/td><\/tr><tr><td>Infomaterjalide v\u00e4ljastamine paberkandjal (k.a. arve koopia, telefonik\u00f5nede eristus) \/kord<\/td><td>2.42 eurot\/kord<\/td><td>3 eurot\/kord<\/td><\/tr><tr><td>Infomaterjalide saatmine e-postile (k.a. arve koopia, telefonik\u00f5nede eristus) <\/td><td>0 eurot\/kord<\/td><td>0 eurot\/kord<\/td><\/tr><tr><td>Koostatud arve kohta SMS-teatise saatmine<\/td><td>0.08 eurot\/kord<\/td><td>0.10 eurot\/kord<\/td><\/tr><tr><td>Pakisaatmise tasu pakiautomaati v\u00f5i postkontorisse (max 30 kg)&nbsp;<\/td><td>3.23 eurot\/kord<\/td><td>4 eurot\/kord<\/td><\/tr><tr><td>Pakisaatmise tasu kulleriga ukseni (max 30 kg)*<\/td><td>6.45 eurot\/kord<\/td><td>8 eurot\/kord<\/td><\/tr><tr><td>Teenuse paketi vahetus (ei rakendata, kui vahetatakse paketti k\u00f5rgema kuutasuga paketi vastu)<\/td><td>4.03 eurot\/kord<\/td><td>5 eurot\/kord<\/td><\/tr><tr><td>Teenuse taasaktiveerimine peale piirangut <\/td><td>4.03 eurot\/leping<\/td><td>5 eurot\/leping<\/td><\/tr><tr><td>Kliendile STV poolt v\u00e4ljastatud seadme tehase algseadete l\u00e4htestamine ja taastamine <\/td><td>8.06 eurot\/kord<\/td><td>10 eurot\/kord<\/td><\/tr><tr><td>Tehniku v\u00e4ljakutse (sisaldab 15 min. t\u00f6\u00f6d kliendi juures)**<\/td><td>16.13 eurot\/v\u00e4ljakutse<\/td><td>20 eurot\/v\u00e4ljakutse<\/td><\/tr><tr><td>Tehniku t\u00f6\u00f6 kliendi valduses (iga j\u00e4rgnevad 15 minutit)**<\/td><td>8.06 eurot\/15 min.<\/td><td>10 eurot\/15 min.<\/td><\/tr><tr><td><strong>Lisamaterjalid<\/strong><\/td><td><\/td><td><\/td><\/tr><tr><td>Toiteplokk\/1 Gbit PoE toite edastuse saatja-vastuv\u00f5tja \u00fcle Ethernet kaabli <\/td><td>16.13 eurot\/tk.<\/td><td>20 eurot\/tk.<\/td><\/tr><tr><td>\u00dchenduskaabel RJ 45 &#8211; RJ 45 (kuni 1 m) <\/td><td>2.82 eurot\/tk.<\/td><td>3.50 eurot\/tk.<\/td><\/tr><tr><td>Kaabel SCART \/ RCA \/ miniRCA \/&nbsp;RF <\/td><td>5.24 eurot\/tk.<\/td><td>6.50 eurot\/tk.<\/td><\/tr><tr><td>HDMI-kaabel <\/td><td>9.68 eurot\/tk.<\/td><td>12 eurot\/tk.<\/td><\/tr><tr><td>RG-6 televisiooni kaabel 1,13 <\/td><td>0.81 eurot\/m<\/td><td>1 eurot\/m<\/td><\/tr><tr><td>Kaabel UTP CAT5e<\/td><td>0.81 eurot\/m<\/td><td>1 eurot\/m<\/td><\/tr><tr><td>Kaabel 4S\/6S\/8S <\/td><td>0.81 eurot\/m<\/td><td>1 eurot\/m<\/td><\/tr><tr><td>Telesignaali jaotaja (SPL 2, SPL3, TAP 1, TAP2) <\/td><td>4.03 eurot\/tk.<\/td><td>5 eurot\/tk.<\/td><\/tr><tr><td>Televisiooni pistik, pesa (FC 1,13) <\/td><td>1.61 eurot\/tk.<\/td><td>2 eurot\/tk.<\/td><\/tr><tr><td>Telefoni seinapesa RJ-11 \/ RJ-45<\/td><td>1.61 eurot\/tk.<\/td><td>2 eurot\/tk.<\/td><\/tr><\/tbody><\/table><\/figure>\n\n\n\n<p><em>*Suurem\u00f5\u00f5tmeliste kaupade, n\u00e4iteks telerite puhul kehtib eraldi arvestus &#8211; 8 eurot \u00fche kauba\u00fchiku eest.<\/em><\/p>\n\n\n\n<p><em>**T\u00f6\u00f6de ja\/v\u00f5i tehniku v\u00e4ljakutsetasu lisatakse j\u00e4rgmise kuu teenustearvele. Tehniku v\u00e4ljakutsetasu arvestatakse ka juhul, kui tehnik saabudes kliendi juurde ei saanud t\u00e4ita t\u00f6\u00f6d kliendi s\u00fc\u00fc t\u00f5ttu.<\/em><\/p>\n\n\n\n<p><\/p>\n","protected":false},"excerpt":{"rendered":"<p>Kehtib al. 04.02.2026 INTERNET Nimetus Hind ilma KM-ta Hind koos KM-ga PAKETID&nbsp; Kiirus 20\/20 Mbit\/s&nbsp;(DOCSIS 20\/2 Mbit\/s) 13.93 eurot\/kuus 17.27 eurot\/kuus Kiirus&nbsp;50\/50 Mbit\/s&nbsp;(DOCSIS 50\/4 Mbit\/s) 17.21 eurot\/kuus 21.34 eurot\/kuus Kiirus&nbsp;100\/100 Mbit\/s&nbsp;(DOCSIS 100\/10 Mbit\/s) 20.49 eurot\/kuus 25.41 eurot\/kuus Kiirus&nbsp;250\/250 Mbit\/s 23.77 eurot\/kuus 29.47 eurot\/kuus Kiirus&nbsp;500\/500 Mbit\/s 27.87 eurot\/kuus 34.56 eurot\/kuus Kiirus&nbsp;1\/1 Gbit\/s* 36.89 eurot\/kuus 45.74&nbsp;eurot\/kuus * [&hellip;]<\/p>\n","protected":false},"author":8,"featured_media":0,"parent":0,"menu_order":0,"comment_status":"closed","ping_status":"closed","template":"","meta":{"_acf_changed":false,"_mi_skip_tracking":false,"_monsterinsights_sitenote_active":false,"_monsterinsights_sitenote_note":"","_monsterinsights_sitenote_category":0,"footnotes":""},"class_list":["post-1698","page","type-page","status-publish","hentry"],"acf":[],"yoast_head":"<!-- This site is optimized with the Yoast SEO Premium plugin v26.8 (Yoast SEO v27.5) - https:\/\/yoast.com\/product\/yoast-seo-premium-wordpress\/ -->\n<title>Hinnakiri - \u00c4riklient<\/title>\n<meta name=\"robots\" content=\"index, follow, max-snippet:-1, max-image-preview:large, max-video-preview:-1\" \/>\n<link rel=\"canonical\" href=\"https:\/\/stv.ee\/ariklient\/hinnakiri-2\/\" \/>\n<meta property=\"og:locale\" content=\"et_EE\" \/>\n<meta property=\"og:type\" content=\"article\" \/>\n<meta property=\"og:title\" content=\"Hinnakiri - \u00c4riklient\" \/>\n<meta property=\"og:description\" content=\"Kehtib al. 04.02.2026 INTERNET Nimetus Hind ilma KM-ta Hind koos KM-ga PAKETID&nbsp; Kiirus 20\/20 Mbit\/s&nbsp;(DOCSIS 20\/2 Mbit\/s) 13.93 eurot\/kuus 17.27 eurot\/kuus Kiirus&nbsp;50\/50 Mbit\/s&nbsp;(DOCSIS 50\/4 Mbit\/s) 17.21 eurot\/kuus 21.34 eurot\/kuus Kiirus&nbsp;100\/100 Mbit\/s&nbsp;(DOCSIS 100\/10 Mbit\/s) 20.49 eurot\/kuus 25.41 eurot\/kuus Kiirus&nbsp;250\/250 Mbit\/s 23.77 eurot\/kuus 29.47 eurot\/kuus Kiirus&nbsp;500\/500 Mbit\/s 27.87 eurot\/kuus 34.56 eurot\/kuus Kiirus&nbsp;1\/1 Gbit\/s* 36.89 eurot\/kuus 45.74&nbsp;eurot\/kuus * [&hellip;]\" \/>\n<meta property=\"og:url\" content=\"https:\/\/stv.ee\/ariklient\/hinnakiri-2\/\" \/>\n<meta property=\"og:site_name\" content=\"\u00c4riklient\" \/>\n<meta property=\"article:modified_time\" content=\"2026-02-18T07:13:25+00:00\" \/>\n<meta name=\"twitter:card\" content=\"summary_large_image\" \/>\n<meta name=\"twitter:label1\" content=\"Est. reading time\" \/>\n\t<meta name=\"twitter:data1\" content=\"8 minutit\" \/>\n<script type=\"application\/ld+json\" class=\"yoast-schema-graph\">{\"@context\":\"https:\\\/\\\/schema.org\",\"@graph\":[{\"@type\":\"WebPage\",\"@id\":\"https:\\\/\\\/stv.ee\\\/ariklient\\\/hinnakiri-2\\\/\",\"url\":\"https:\\\/\\\/stv.ee\\\/ariklient\\\/hinnakiri-2\\\/\",\"name\":\"Hinnakiri - \u00c4riklient\",\"isPartOf\":{\"@id\":\"https:\\\/\\\/stv.ee\\\/ariklient\\\/#website\"},\"datePublished\":\"2026-01-20T08:07:43+00:00\",\"dateModified\":\"2026-02-18T07:13:25+00:00\",\"inLanguage\":\"et\",\"potentialAction\":[{\"@type\":\"ReadAction\",\"target\":[\"https:\\\/\\\/stv.ee\\\/ariklient\\\/hinnakiri-2\\\/\"]}]},{\"@type\":\"WebSite\",\"@id\":\"https:\\\/\\\/stv.ee\\\/ariklient\\\/#website\",\"url\":\"https:\\\/\\\/stv.ee\\\/ariklient\\\/\",\"name\":\"\u00c4riklient\",\"description\":\"\",\"potentialAction\":[{\"@type\":\"SearchAction\",\"target\":{\"@type\":\"EntryPoint\",\"urlTemplate\":\"https:\\\/\\\/stv.ee\\\/ariklient\\\/?s={search_term_string}\"},\"query-input\":{\"@type\":\"PropertyValueSpecification\",\"valueRequired\":true,\"valueName\":\"search_term_string\"}}],\"inLanguage\":\"et\"}]}<\/script>\n<!-- \/ Yoast SEO Premium plugin. -->","yoast_head_json":{"title":"Hinnakiri - \u00c4riklient","robots":{"index":"index","follow":"follow","max-snippet":"max-snippet:-1","max-image-preview":"max-image-preview:large","max-video-preview":"max-video-preview:-1"},"canonical":"https:\/\/stv.ee\/ariklient\/hinnakiri-2\/","og_locale":"et_EE","og_type":"article","og_title":"Hinnakiri - \u00c4riklient","og_description":"Kehtib al. 04.02.2026 INTERNET Nimetus Hind ilma KM-ta Hind koos KM-ga PAKETID&nbsp; Kiirus 20\/20 Mbit\/s&nbsp;(DOCSIS 20\/2 Mbit\/s) 13.93 eurot\/kuus 17.27 eurot\/kuus Kiirus&nbsp;50\/50 Mbit\/s&nbsp;(DOCSIS 50\/4 Mbit\/s) 17.21 eurot\/kuus 21.34 eurot\/kuus Kiirus&nbsp;100\/100 Mbit\/s&nbsp;(DOCSIS 100\/10 Mbit\/s) 20.49 eurot\/kuus 25.41 eurot\/kuus Kiirus&nbsp;250\/250 Mbit\/s 23.77 eurot\/kuus 29.47 eurot\/kuus Kiirus&nbsp;500\/500 Mbit\/s 27.87 eurot\/kuus 34.56 eurot\/kuus Kiirus&nbsp;1\/1 Gbit\/s* 36.89 eurot\/kuus 45.74&nbsp;eurot\/kuus * [&hellip;]","og_url":"https:\/\/stv.ee\/ariklient\/hinnakiri-2\/","og_site_name":"\u00c4riklient","article_modified_time":"2026-02-18T07:13:25+00:00","twitter_card":"summary_large_image","twitter_misc":{"Est. reading time":"8 minutit"},"schema":{"@context":"https:\/\/schema.org","@graph":[{"@type":"WebPage","@id":"https:\/\/stv.ee\/ariklient\/hinnakiri-2\/","url":"https:\/\/stv.ee\/ariklient\/hinnakiri-2\/","name":"Hinnakiri - \u00c4riklient","isPartOf":{"@id":"https:\/\/stv.ee\/ariklient\/#website"},"datePublished":"2026-01-20T08:07:43+00:00","dateModified":"2026-02-18T07:13:25+00:00","inLanguage":"et","potentialAction":[{"@type":"ReadAction","target":["https:\/\/stv.ee\/ariklient\/hinnakiri-2\/"]}]},{"@type":"WebSite","@id":"https:\/\/stv.ee\/ariklient\/#website","url":"https:\/\/stv.ee\/ariklient\/","name":"\u00c4riklient","description":"","potentialAction":[{"@type":"SearchAction","target":{"@type":"EntryPoint","urlTemplate":"https:\/\/stv.ee\/ariklient\/?s={search_term_string}"},"query-input":{"@type":"PropertyValueSpecification","valueRequired":true,"valueName":"search_term_string"}}],"inLanguage":"et"}]}},"_links":{"self":[{"href":"https:\/\/stv.ee\/ariklient\/wp-json\/wp\/v2\/pages\/1698","targetHints":{"allow":["GET"]}}],"collection":[{"href":"https:\/\/stv.ee\/ariklient\/wp-json\/wp\/v2\/pages"}],"about":[{"href":"https:\/\/stv.ee\/ariklient\/wp-json\/wp\/v2\/types\/page"}],"author":[{"embeddable":true,"href":"https:\/\/stv.ee\/ariklient\/wp-json\/wp\/v2\/users\/8"}],"replies":[{"embeddable":true,"href":"https:\/\/stv.ee\/ariklient\/wp-json\/wp\/v2\/comments?post=1698"}],"version-history":[{"count":64,"href":"https:\/\/stv.ee\/ariklient\/wp-json\/wp\/v2\/pages\/1698\/revisions"}],"predecessor-version":[{"id":2477,"href":"https:\/\/stv.ee\/ariklient\/wp-json\/wp\/v2\/pages\/1698\/revisions\/2477"}],"wp:attachment":[{"href":"https:\/\/stv.ee\/ariklient\/wp-json\/wp\/v2\/media?parent=1698"}],"curies":[{"name":"wp","href":"https:\/\/api.w.org\/{rel}","templated":true}]}}