{"id":244,"date":"2023-11-06T09:46:54","date_gmt":"2023-11-06T09:46:54","guid":{"rendered":"https:\/\/stv.ee\/ariklient\/?page_id=244"},"modified":"2023-11-06T09:46:55","modified_gmt":"2023-11-06T09:46:55","slug":"koik-haldustood-ja-teadaanded","status":"publish","type":"page","link":"https:\/\/stv.ee\/ariklient\/koik-haldustood-ja-teadaanded\/","title":{"rendered":"K\u00f5ik haldust\u00f6\u00f6d ja teadaanded"},"content":{"rendered":"","protected":false},"excerpt":{"rendered":"","protected":false},"author":1,"featured_media":0,"parent":0,"menu_order":0,"comment_status":"closed","ping_status":"closed","template":"templates\/archive-maintenance.php","meta":{"_acf_changed":false,"_mi_skip_tracking":false,"_monsterinsights_sitenote_active":false,"_monsterinsights_sitenote_note":"","_monsterinsights_sitenote_category":0,"footnotes":""},"class_list":["post-244","page","type-page","status-publish","hentry"],"acf":[],"yoast_head":"<!-- This site is optimized with the Yoast SEO Premium plugin v26.8 (Yoast SEO v27.2) - https:\/\/yoast.com\/product\/yoast-seo-premium-wordpress\/ -->\n<title>K\u00f5ik haldust\u00f6\u00f6d ja teadaanded - \u00c4riklient<\/title>\n<meta name=\"robots\" content=\"index, follow, max-snippet:-1, max-image-preview:large, max-video-preview:-1\" \/>\n<link rel=\"canonical\" href=\"https:\/\/stv.ee\/ariklient\/koik-haldustood-ja-teadaanded\/\" \/>\n<meta property=\"og:locale\" content=\"et_EE\" \/>\n<meta property=\"og:type\" content=\"article\" \/>\n<meta property=\"og:title\" content=\"K\u00f5ik haldust\u00f6\u00f6d ja teadaanded - \u00c4riklient\" \/>\n<meta property=\"og:url\" content=\"https:\/\/stv.ee\/ariklient\/koik-haldustood-ja-teadaanded\/\" \/>\n<meta property=\"og:site_name\" content=\"\u00c4riklient\" \/>\n<meta property=\"article:modified_time\" content=\"2023-11-06T09:46:55+00:00\" \/>\n<meta name=\"twitter:card\" content=\"summary_large_image\" \/>\n<script type=\"application\/ld+json\" class=\"yoast-schema-graph\">{\"@context\":\"https:\/\/schema.org\",\"@graph\":[{\"@type\":\"WebPage\",\"@id\":\"https:\/\/stv.ee\/ariklient\/koik-haldustood-ja-teadaanded\/\",\"url\":\"https:\/\/stv.ee\/ariklient\/koik-haldustood-ja-teadaanded\/\",\"name\":\"K\u00f5ik haldust\u00f6\u00f6d ja teadaanded - \u00c4riklient\",\"isPartOf\":{\"@id\":\"https:\/\/stv.ee\/ariklient\/#website\"},\"datePublished\":\"2023-11-06T09:46:54+00:00\",\"dateModified\":\"2023-11-06T09:46:55+00:00\",\"inLanguage\":\"et\",\"potentialAction\":[{\"@type\":\"ReadAction\",\"target\":[\"https:\/\/stv.ee\/ariklient\/koik-haldustood-ja-teadaanded\/\"]}]},{\"@type\":\"WebSite\",\"@id\":\"https:\/\/stv.ee\/ariklient\/#website\",\"url\":\"https:\/\/stv.ee\/ariklient\/\",\"name\":\"\u00c4riklient\",\"description\":\"\",\"potentialAction\":[{\"@type\":\"SearchAction\",\"target\":{\"@type\":\"EntryPoint\",\"urlTemplate\":\"https:\/\/stv.ee\/ariklient\/?s={search_term_string}\"},\"query-input\":{\"@type\":\"PropertyValueSpecification\",\"valueRequired\":true,\"valueName\":\"search_term_string\"}}],\"inLanguage\":\"et\"}]}<\/script>\n<!-- \/ Yoast SEO Premium plugin. -->","yoast_head_json":{"title":"K\u00f5ik haldust\u00f6\u00f6d ja teadaanded - \u00c4riklient","robots":{"index":"index","follow":"follow","max-snippet":"max-snippet:-1","max-image-preview":"max-image-preview:large","max-video-preview":"max-video-preview:-1"},"canonical":"https:\/\/stv.ee\/ariklient\/koik-haldustood-ja-teadaanded\/","og_locale":"et_EE","og_type":"article","og_title":"K\u00f5ik haldust\u00f6\u00f6d ja teadaanded - \u00c4riklient","og_url":"https:\/\/stv.ee\/ariklient\/koik-haldustood-ja-teadaanded\/","og_site_name":"\u00c4riklient","article_modified_time":"2023-11-06T09:46:55+00:00","twitter_card":"summary_large_image","schema":{"@context":"https:\/\/schema.org","@graph":[{"@type":"WebPage","@id":"https:\/\/stv.ee\/ariklient\/koik-haldustood-ja-teadaanded\/","url":"https:\/\/stv.ee\/ariklient\/koik-haldustood-ja-teadaanded\/","name":"K\u00f5ik haldust\u00f6\u00f6d ja teadaanded - \u00c4riklient","isPartOf":{"@id":"https:\/\/stv.ee\/ariklient\/#website"},"datePublished":"2023-11-06T09:46:54+00:00","dateModified":"2023-11-06T09:46:55+00:00","inLanguage":"et","potentialAction":[{"@type":"ReadAction","target":["https:\/\/stv.ee\/ariklient\/koik-haldustood-ja-teadaanded\/"]}]},{"@type":"WebSite","@id":"https:\/\/stv.ee\/ariklient\/#website","url":"https:\/\/stv.ee\/ariklient\/","name":"\u00c4riklient","description":"","potentialAction":[{"@type":"SearchAction","target":{"@type":"EntryPoint","urlTemplate":"https:\/\/stv.ee\/ariklient\/?s={search_term_string}"},"query-input":{"@type":"PropertyValueSpecification","valueRequired":true,"valueName":"search_term_string"}}],"inLanguage":"et"}]}},"_links":{"self":[{"href":"https:\/\/stv.ee\/ariklient\/wp-json\/wp\/v2\/pages\/244","targetHints":{"allow":["GET"]}}],"collection":[{"href":"https:\/\/stv.ee\/ariklient\/wp-json\/wp\/v2\/pages"}],"about":[{"href":"https:\/\/stv.ee\/ariklient\/wp-json\/wp\/v2\/types\/page"}],"author":[{"embeddable":true,"href":"https:\/\/stv.ee\/ariklient\/wp-json\/wp\/v2\/users\/1"}],"replies":[{"embeddable":true,"href":"https:\/\/stv.ee\/ariklient\/wp-json\/wp\/v2\/comments?post=244"}],"version-history":[{"count":1,"href":"https:\/\/stv.ee\/ariklient\/wp-json\/wp\/v2\/pages\/244\/revisions"}],"predecessor-version":[{"id":245,"href":"https:\/\/stv.ee\/ariklient\/wp-json\/wp\/v2\/pages\/244\/revisions\/245"}],"wp:attachment":[{"href":"https:\/\/stv.ee\/ariklient\/wp-json\/wp\/v2\/media?parent=244"}],"curies":[{"name":"wp","href":"https:\/\/api.w.org\/{rel}","templated":true}]}}